238. What is r(1)?
8
Let o(w) = -5606*w - 50300. What is o(-9)?
154
Let u(y) = -44*y + 453. Give u(24).
-603
Let q(j) = -2*j**2 + 1149*j + 58109. What is q(-47)?
-312
Let u(a) = -a**3 - 9*a**2 + 838*a + 11712. Calculate u(-16).
96
Let j(z) = -31*z**3 - 143*z**2 - 133*z + 12. Determine j(-1).
33
Let x(w) = -4*w**3 + 3*w**2 + 259*w + 1371. What is x(-6)?
789
Let j(t) = -4*t**3 + 5*t**2 + 6*t - 19. Determine j(-4).
293
Let b(p) = 20*p**2 + 5*p - 164. Give b(-13).
3151
Let f(h) = -47*h + 5652. Give f(121).
-35
Let h(o) = -13*o**3 - 68*o**2 - 45*o - 1. Give h(-4).
-77
Let j(g) = g**3 + 155*g**2 + 640*g + 40. Determine j(-4).
-104
Let c(u) = -253*u - 30584. What is c(-121)?
29
Let k(d) = -9*d**2 + 510*d + 390. Give k(57).
219
Let l(q) = -3*q**3 - 42*q**2 + 2926*q - 5. Give l(25).
20
Let n(s) = s**2 + 88*s - 4969. Determine n(38).
-181
Let j(k) = -5*k**3 + 56*k**2 - 325*k - 383. Give j(-1).
3
Let q(x) = -x**2 - 39*x - 254. Determine q(-30).
16
Let s(p) = 3625*p + 32553. Determine s(-9).
-72
Let v(q) = -q**3 - 134*q**2 - 448*q - 7206. Give v(-131).
-1
Let g(k) = -15*k**2 - 229*k + 2272. Calculate g(-23).
-396
Let o(i) = -16*i + 1066. Give o(44).
362
Let o(y) = 3*y**3 + 938*y**2 - 556*y - 76064. Determine o(-313).
-5
Let u(x) = 489*x + 3556. What is u(-8)?
-356
Let i(t) = -2*t**2 - 19*t + 1248. Give i(26).
-598
Let n(u) = -2*u**2 - 115*u + 113. Calculate n(11).
-1394
Let i(q) = 324*q**2 + 10026*q - 568. What is i(-31)?
-10
Let d(a) = 7*a**3 - 4*a**2 - 56*a - 6. Calculate d(4).
154
Let t(y) = -5353*y - 407733. Give t(-76).
-905
Let o(p) = 1008*p + 2243. Give o(-4).
-1789
Let r(j) = -564*j - 250393. What is r(-444)?
23
Let h(d) = 11*d**2 + 521*d - 2583. Determine h(5).
297
Let j(t) = 2*t**3 - 202*t**2 + 208*t - 21001. Determine j(101).
7
Let a(m) = 4935*m - 4712905. Determine a(955).
20
Let b(a) = 52*a**3 + 325*a**2 + 75*a - 18. Determine b(-6).
0
Let l(u) = -4*u**2 + 353*u - 6098. Give l(21).
-449
Let m(s) = s**3 - 39*s**2 + 7*s + 42. Determine m(7).
-1477
Let p(j) = 8785*j + 44131. Determine p(-5).
206
Let o(m) = 564*m + 21427. Give o(-38).
-5
Let h(m) = -1341*m + 134051. Give h(100).
-49
Let l(n) = -n**2 + 1328*n + 5404. What is l(-4)?
76
Let u(k) = 6*k + 311. Give u(-19).
197
Let d(o) = -1604*o + 88826. Calculate d(56).
-998
Let v(h) = 167826*h - 167816. What is v(1)?
10
Let a(c) = -9000*c + 953954. Determine a(106).
-46
Let d(l) = 10121*l + 2299. Give d(0).
2299
Let f(a) = -93110*a + 1396654. Determine f(15).
4
Let s(c) = -2*c**3 + 162*c**2 - 2073*c - 39. Calculate s(16).
73
Let b(k) = -8*k**2 - 524*k - 6447. Give b(-49).
21
Let p(c) = -c**2 - 277*c + 25143. Determine p(72).
15
Let m(h) = -804*h - 528. Determine m(-1).
276
Let c(g) = 14*g**3 + 154*g**2 - 21*g - 77. Determine c(-11).
154
Let r(u) = -u**3 - 17*u**2 + 473*u + 7455. Determine r(-15).
-90
Let o(h) = h**3 + 14*h**2 - 118*h - 1783. Give o(-15).
-238
Let c(i) = -4163*i + 253897. Determine c(61).
-46
Let c(n) = 35*n**2 - 11*n - 29. What is c(-4)?
575
Let h(y) = y**2 - 437*y + 16831. Determine h(394).
-111
Let u(t) = 6*t**2 + 2592*t + 25373. Calculate u(-10).
53
Let r(a) = 919*a + 81649. What is r(-89)?
-142
Let x(q) = 370*q - 11120. Calculate x(30).
-20
Let y(d) = 44928*d - 314540. Determine y(7).
-44
Let b(c) = c**3 + 11*c**2 - 56*c - 324. Calculate b(-11).
292
Let n(f) = 6*f**3 - 600*f**2 + 7692*f - 617. Calculate n(15).
13
Let x(n) = -15*n**2 - 63*n - 224. Calculate x(-10).
-1094
Let u(s) = 27*s**3 - 44*s**2 - 44*s. Calculate u(-1).
-27
Let n(b) = 112*b + 22128. What is n(-197)?
64
Let o(d) = -d**3 - 118*d**2 - 396*d - 5784. What is o(-115)?
81
Let a(u) = 60*u**2 + 568*u + 532. Determine a(-1).
24
Let y(h) = -23*h**3 - 321*h**2 - 324*h - 4241. Determine y(-14).
491
Let h(o) = 13*o**3 - 336*o**2 - 67*o + 860. What is h(26)?
470
Let r(a) = a**2 - 7695*a + 23025. Give r(3).
-51
Let p(j) = -302*j + 3575. Determine p(13).
-351
Let a(r) = -5*r**2 + 175*r + 933. Determine a(40).
-67
Let w(b) = 48*b - 6524. Give w(136).
4
Let s(j) = 201*j**3 - 14*j**2 - 18*j + 33. Calculate s(1).
202
Let g(a) = 2*a**3 + 357*a**2 + 12998*a - 64. Determine g(-51).
293
Let j(k) = 2*k**3 + 13*k**2 + 1317*k + 9209. Give j(-7).
-59
Let w(q) = -q**3 - 89*q**2 - 765*q - 1168. Give w(-2).
14
Let z(o) = -8167*o + 1559845. Calculate z(191).
-52
Let c(z) = -32*z**2 - 1120*z - 11. What is c(-36)?
-1163
Let c(w) = 8933*w**2 - 4395031*w - 2459. Calculate c(492).
1
Let h(d) = 13498*d - 40501. Determine h(3).
-7
Let l(n) = 13*n + 1686. Give l(-108).
282
Let z(q) = 2*q**3 - 11*q**2 - 4*q + 52. Determine z(10).
912
Let k(c) = -11*c**3 - 2*c**2 + 47*c + 83. What is k(-2)?
69
Let v(a) = 3*a**2 + 122*a - 60. Give v(0).
-60
Let w(n) = n**3 - 174*n**2 - 10115*n - 803. Determine w(220).
297
Let j(o) = -16*o**3 - 1314*o**2 - 179*o - 1245. What is j(-82)?
-15
Let u(g) = 10605*g + 212237. Determine u(-20).
137
Let c(n) = n**3 - 101*n**2 + 1526*n - 607. Determine c(83).
2049
Let u(i) = -41*i**2 + 827*i - 824. What is u(1)?
-38
Let y(s) = -10782*s - 32348. Determine y(-3).
-2
Let h(l) = 448*l - 5964. Give h(14).
308
Let t(y) = 8*y**2 - 1139*y + 85. Give t(142).
-341
Let b(m) = 144*m**2 - 2304*m + 110. Determine b(16).
110
Let s(p) = -p**2 - 24*p - 869. Give s(-18).
-761
Let c(g) = -g**2 - 58*g - 165. Determine c(6).
-549
Let j(m) = -m**3 - 23*m**2 + 19317*m + 481658. What is j(-25)?
-17
Let y(x) = x**2 - 1916*x + 52880. Calculate y(28).
16
Let d(y) = 58*y - 2641. Determine d(68).
1303
Let c(r) = 26*r**2 - 184*r + 34. Give c(8).
226
Let l(o) = 42*o**2 - 57*o - 2. Determine l(1).
-17
Let c(r) = 10*r**2 + 1720*r + 10365. Determine c(-6).
405
Let v(y) = 2*y**3 + 202*y**2 - 206*y - 856. Calculate v(-102).
-652
Let h(g) = 154213*g - 14496024. Calculate h(94).
-2
Let c(i) = i**3 - 194*i**2 - 584*i - 1319. Determine c(197).
60
Let s(m) = 4512*m**3 - 254*m + 255. Determine s(1).
4513
Let b(w) = -443*w**2 + 74861*w + 985. What is b(169)?
-29
Let b(l) = 6*l**3 - 11*l**2 + 3756*l - 7478. Calculate b(2).
38
Let c(h) = 19848*h - 138872. What is c(7)?
64
Let d(v) = 2*v**3 - 258*v**2 + 952*v + 181. What is d(4)?
-11
Let s(q) = -11*q**2 + 89*q - 100. Determine s(2).
34
Let s(l) = -7*l**3 + 111*l**2 + 835*l - 13120. Determine s(16).
-16
Let z(i) = -27833*i - 1558667. What is z(-56)?
-19
Let o(z) = -550*z - 29124. Give o(-53).
26
Let k(c) = c**3 - 11*c**2 + 1361*c - 7939. What is k(6)?
47
Let j(y) = 980*y + 43596. What is j(-45)?
-504
Let x(s) = 573*s**2 + 1631*s - 168. Determine x(-3).
96
Let t(y) = -34*y**2 + 20011*y + 100901. Calculate t(-5).
-4
Let j(d) = d**3 + 77*d**2 + 590*d + 45429. Determine j(-77).
-1
Let b(n) = -425*n - 86652. Give b(-204).
48
Let h(v) = 455*v + 100821. Calculate h(-217).
2086
Let z(f) = -1905*f - 148540. Give z(-78).
50
Let b(w) = -18*w**2 - w + 47. Determine b(4).
-245
Let k(z) = 2*z**3 + 13*z**2 + 22*z - 24. Determine k(-3).
-27
Let d(z) = -4*z**3 - 113*z**2 - 111*z - 2352. Give d(-28).
-28
Let y(p) = 83*p**2 + 635*p + 1142. Give y(-3).
-16
Let x(u) = -3*u**2 + 223*u - 3131. Determine x(17).
-207
Let q(k) = 30*k**2 - 295*k - 22920. Give q(33).
15
Let r(v) = 328*v - 3580. What is r(16)?
1668
Let z(y) = 1640*y - 124427. Give z(76).
213
Let d(i) = -27*i**2 + 6490*i + 4095. Calculate d(241).
-2
Let x(r) = 1225*r**2 - 24571*r + 1429. Determine x(20).
9
Let o(v) = 2*v**3 - 16*v**2 - 12*v + 417. What is o(8)?
321
Let n(p) = p**3 + 295*p**2 + 1497*p - 3. Calculate n(-5).
-238
Let o(x) = 2*x**2 + 5*x + 48. Calculate o(15).
573
Let w(a) = 4*a**2 - 8756*a - 70140. Determine w(-8).
164
Let d(t) = t**3 - 47*t**2 + 15*t - 538. Give d(47).
167
Let k(b) = b**3 + 95*b**2 + 18*b + 689. What is k(-95)?
-1021
Let v(p) = -p**3 + 126*p**2 - 186*p + 6969. Calculate v(125).
-656
Let n(y) = 25*y - 3967. Calculate n(175).
408
Let u(t) = -81*t**2 + 3775*t - 2218. Determine u(46).
36
Let k(a) = 4*a**3 + 41*a**2 + 1409*a + 12279. What is k(-9)?
3
Let c(u) = 1770*u - 899180. Calculate c(508).
-20
Let i(q) = 2766*q - 492345. Calculate i(178).
3
Let s(i) = -i**3 - 21*i**2 - 952*i - 19985. Determine s(-21).
7
Let s(y) = 30*y**2 + 1003*y + 2314. Give s(-31).
51
Let v(j) = -104887*j - 5244348. Give v(-50).
2
Let s(l) = 790*l**2 + 450301*l + 567. Give s(-570).
-3
Let d(t) = 78282*t + 548011. Determine d(-7).
37
Let l(x) = x**3 + 125*x**2 - 97*x + 3649. Give l(-